{"id":263,"date":"2022-09-01T10:34:56","date_gmt":"2022-09-01T08:34:56","guid":{"rendered":"https:\/\/raratheme.com\/preview\/business-one-page\/?page_id=263"},"modified":"2024-10-18T11:31:04","modified_gmt":"2024-10-18T09:31:04","slug":"wspolpraca","status":"publish","type":"page","link":"https:\/\/kzt.usz.edu.pl\/index.php\/wspolpraca\/","title":{"rendered":"Wsp\u00f3\u0142praca"},"content":{"rendered":"\n<p class=\"wp-block-paragraph\">Katedra wsp\u00f3\u0142pracuje z <strong>krajowymi i zagranicznymi o\u015brodkami akademickimi.<\/strong><\/p>\n\n\n\n<p class=\"wp-block-paragraph\"><strong>Wsp\u00f3\u0142praca z o\u015brodkami naukowymi<\/strong><\/p>\n\n\n\n<p class=\"wp-block-paragraph\">Katedra wsp\u00f3\u0142pracuje z uczelniami i o\u015brodkami naukowo \u2013 badawczymi w zakresie organizacji konferencji, publikacji naukowych, realizacji lub przygotowania projekt\u00f3w badawczych. S\u0105 to nast\u0119puj\u0105ce:<\/p>\n\n\n\n<ul class=\"wp-block-list\">\n<li>Szko\u0142a G\u0142\u00f3wna Handlowa w Warszawie<\/li>\n\n\n\n<li>Uniwersytet Gda\u0144ski<\/li>\n\n\n\n<li>Uniwersytet Ekonomiczny w Poznaniu<\/li>\n\n\n\n<li>Uniwersytet Ekonomiczny w Katowicach<\/li>\n\n\n\n<li>Politechnika \u015al\u0105ska<\/li>\n\n\n\n<li>Politechnika Radomska<\/li>\n\n\n\n<li>Politechnika Krakowska<\/li>\n\n\n\n<li>Politechnika Warszawska<\/li>\n\n\n\n<li>Politechnika w Zagrzebiu<\/li>\n\n\n\n<li>Uniwersytet w \u017bylinie<\/li>\n\n\n\n<li>EPTS &#8211; European Platform of Transport Sciences<\/li>\n\n\n\n<li>YFE\u00a0 &#8211; Young Forum\u00a0of European\u00a0Transport\u00a0Sciences<\/li>\n\n\n\n<li>Instytut Morski w Gda\u0144sku<\/li>\n\n\n\n<li>Polska Akademia Nauk;<\/li>\n\n\n\n<li>Uniwersytet Zielonog\u00f3rski<\/li>\n\n\n\n<li>Croatian Academy of Engineering<\/li>\n\n\n\n<li>Uniwersytet \u015aw. Klemensa w Bitoli (Macedonia)<\/li>\n\n\n\n<li>Uniwersyter w Maribor (S\u0142owenia)<\/li>\n\n\n\n<li>Wy\u017csza Szko\u0142a Logistyki w Poznaniu.<\/li>\n<\/ul>\n\n\n\n<p class=\"wp-block-paragraph\"><\/p>\n\n\n\n<p class=\"wp-block-paragraph\"><strong>Wsp\u00f3\u0142praca z instytucjami, praktyk\u0105 gospodarcz\u0105<\/strong><\/p>\n\n\n\n<p class=\"wp-block-paragraph\">Katedra w pracy naukowo \u2013 badawczej i eksperckiej wsp\u00f3\u0142pracuje z wieloma instytucjami i przedsi\u0119biorstwami, np:<\/p>\n\n\n\n<ul class=\"wp-block-list\">\n<li>EKG ONZ , Geneva\u00a0 (udzia\u0142 w grupach roboczych KTW)<\/li>\n\n\n\n<li>Parlament\u00a0 Europejski (ekspertyzy)<\/li>\n\n\n\n<li>International Transport Forum (Pary\u017c)<\/li>\n\n\n\n<li>DVWG (Berlin)<\/li>\n\n\n\n<li>Ministerstwo Infrastruktury<\/li>\n\n\n\n<li>Urz\u0105d Marsza\u0142kowski Wojew\u00f3dztwa Zachodniopomorskiego<\/li>\n\n\n\n<li>Zarz\u0105d Dr\u00f3g i Transportu Miejskiego w Szczecinie<\/li>\n\n\n\n<li>Urz\u0105d Miasta Szczecin<\/li>\n\n\n\n<li>Urz\u0105d Miasta Krakowa<\/li>\n\n\n\n<li>FGM Amor \u2013 Austrian Mobility Research<\/li>\n\n\n\n<li>Rada Interesant\u00f3w Portu Szczecin<\/li>\n\n\n\n<li>Polski System Dystrybucji<\/li>\n\n\n\n<li>Cargo 69<\/li>\n\n\n\n<li>PKP Cargo<\/li>\n\n\n\n<li>Przewozy Regionalne<\/li>\n\n\n\n<li>PKS Gryfice<\/li>\n\n\n\n<li>PKS Szczecin<\/li>\n\n\n\n<li>Bart Wal<\/li>\n\n\n\n<li>Zachodniopomorska Grupa Doradcza<\/li>\n\n\n\n<li>\u017begluga Bydgoska<\/li>\n\n\n\n<li>KPM CONSULT (Czechy).<\/li>\n<\/ul>\n\n\n\n<p align=\"justify\">Katedra utrzymuje r\u00f3wnie\u017c kontakty z <strong>praktyk\u0105 gospodarcz\u0105<\/strong>, czyli licznymi przedsi\u0119biorstwami z bran\u017cy TSL.<\/p>\n\n\n\n<p align=\"justify\">Osi\u0105gni\u0119ciem Katedry jest <strong>dzia\u0142alno\u015b\u0107 ekspercka<\/strong> w mi\u0119dzynarodowych organizacjach i instytucjach. <\/p>\n","protected":false},"excerpt":{"rendered":"<p>Katedra wsp\u00f3\u0142pracuje z krajowymi i zagranicznymi o\u015brodkami akademickimi. Wsp\u00f3\u0142praca z o\u015brodkami naukowymi Katedra wsp\u00f3\u0142pracuje z uczelniami i o\u015brodkami naukowo \u2013 badawczymi w zakresie organizacji konferencji, publikacji naukowych, realizacji lub przygotowania projekt\u00f3w badawczych. S\u0105 to nast\u0119puj\u0105ce: Wsp\u00f3\u0142praca z instytucjami, praktyk\u0105 gospodarcz\u0105 &hellip; <\/p>\n","protected":false},"author":1,"featured_media":0,"parent":0,"menu_order":0,"comment_status":"closed","ping_status":"closed","template":"","meta":{"footnotes":""},"class_list":["post-263","page","type-page","status-publish","hentry"],"_links":{"self":[{"href":"https:\/\/kzt.usz.edu.pl\/index.php\/wp-json\/wp\/v2\/pages\/263","targetHints":{"allow":["GET"]}}],"collection":[{"href":"https:\/\/kzt.usz.edu.pl\/index.php\/wp-json\/wp\/v2\/pages"}],"about":[{"href":"https:\/\/kzt.usz.edu.pl\/index.php\/wp-json\/wp\/v2\/types\/page"}],"author":[{"embeddable":true,"href":"https:\/\/kzt.usz.edu.pl\/index.php\/wp-json\/wp\/v2\/users\/1"}],"replies":[{"embeddable":true,"href":"https:\/\/kzt.usz.edu.pl\/index.php\/wp-json\/wp\/v2\/comments?post=263"}],"version-history":[{"count":9,"href":"https:\/\/kzt.usz.edu.pl\/index.php\/wp-json\/wp\/v2\/pages\/263\/revisions"}],"predecessor-version":[{"id":1252,"href":"https:\/\/kzt.usz.edu.pl\/index.php\/wp-json\/wp\/v2\/pages\/263\/revisions\/1252"}],"wp:attachment":[{"href":"https:\/\/kzt.usz.edu.pl\/index.php\/wp-json\/wp\/v2\/media?parent=263"}],"curies":[{"name":"wp","href":"https:\/\/api.w.org\/{rel}","templated":true}]}}

Współpraca

<p class="wp-block-paragraph">Katedra współpracuje z <strong>krajowymi i zagranicznymi ośrodkami akademickimi.</strong></p>



<p class="wp-block-paragraph"><strong>Współpraca z ośrodkami naukowymi</strong></p>



<p class="wp-block-paragraph">Katedra współpracuje z uczelniami i ośrodkami naukowo – badawczymi w zakresie organizacji konferencji, publikacji naukowych, realizacji lub przygotowania projektów badawczych. Są to następujące:</p>



<ul class="wp-block-list">
<li>Szkoła Główna Handlowa w Warszawie</li>



<li>Uniwersytet Gdański</li>



<li>Uniwersytet Ekonomiczny w Poznaniu</li>



<li>Uniwersytet Ekonomiczny w Katowicach</li>



<li>Politechnika Śląska</li>



<li>Politechnika Radomska</li>



<li>Politechnika Krakowska</li>



<li>Politechnika Warszawska</li>



<li>Politechnika w Zagrzebiu</li>



<li>Uniwersytet w Żylinie</li>



<li>EPTS &#8211; European Platform of Transport Sciences</li>



<li>YFE  &#8211; Young Forum of European Transport Sciences</li>



<li>Instytut Morski w Gdańsku</li>



<li>Polska Akademia Nauk;</li>



<li>Uniwersytet Zielonogórski</li>



<li>Croatian Academy of Engineering</li>



<li>Uniwersytet Św. Klemensa w Bitoli (Macedonia)</li>



<li>Uniwersyter w Maribor (Słowenia)</li>



<li>Wyższa Szkoła Logistyki w Poznaniu.</li>
</ul>



<p class="wp-block-paragraph"></p>



<p class="wp-block-paragraph"><strong>Współpraca z instytucjami, praktyką gospodarczą</strong></p>



<p class="wp-block-paragraph">Katedra w pracy naukowo – badawczej i eksperckiej współpracuje z wieloma instytucjami i przedsiębiorstwami, np:</p>



<ul class="wp-block-list">
<li>EKG ONZ , Geneva  (udział w grupach roboczych KTW)</li>



<li>Parlament  Europejski (ekspertyzy)</li>



<li>International Transport Forum (Paryż)</li>



<li>DVWG (Berlin)</li>



<li>Ministerstwo Infrastruktury</li>



<li>Urząd Marszałkowski Województwa Zachodniopomorskiego</li>



<li>Zarząd Dróg i Transportu Miejskiego w Szczecinie</li>



<li>Urząd Miasta Szczecin</li>



<li>Urząd Miasta Krakowa</li>



<li>FGM Amor – Austrian Mobility Research</li>



<li>Rada Interesantów Portu Szczecin</li>



<li>Polski System Dystrybucji</li>



<li>Cargo 69</li>



<li>PKP Cargo</li>



<li>Przewozy Regionalne</li>



<li>PKS Gryfice</li>



<li>PKS Szczecin</li>



<li>Bart Wal</li>



<li>Zachodniopomorska Grupa Doradcza</li>



<li>Żegluga Bydgoska</li>



<li>KPM CONSULT (Czechy).</li>
</ul>



<p align="justify">Katedra utrzymuje również kontakty z <strong>praktyką gospodarczą</strong>, czyli licznymi przedsiębiorstwami z branży TSL.</p>



<p align="justify">Osiągnięciem Katedry jest <strong>działalność ekspercka</strong> w międzynarodowych organizacjach i instytucjach. </p>

<p>Katedra współpracuje z krajowymi i zagranicznymi ośrodkami akademickimi. Współpraca z ośrodkami naukowymi Katedra współpracuje z uczelniami i ośrodkami naukowo – badawczymi w zakresie organizacji konferencji, publikacji naukowych, realizacji lub przygotowania projektów badawczych. Są to następujące: Współpraca z instytucjami, praktyką gospodarczą &hellip; </p>
